43 - 7 = 0. Let a = 132 - 57. Calculate the highest common divisor of c and a.
15
Suppose 26*j - 5311 = -553. Calculate the highest common factor of j and 61.
61
Let c(x) = 19*x - 223. Let g be c(13). Calculate the greatest common divisor of 816 and g.
24
Suppose -16 = -5*r - j + 2*j, 4*j = -3*r + 28. Suppose -5*p - 3*u = -0*u - 44, r*u = 12. Calculate the highest common divisor of 42 and p.
7
Suppose 5*c - 5*q - 335 = 0, 4*q + 89 = c + 28. Calculate the highest common factor of 115 and c.
23
Let v(b) = -5*b - 4. Suppose 0 = k + 3 - 12. Suppose 0 = 3*a - 2*g + k, g = 3*a - 0*g + 12. Let h be v(a). What is the highest common factor of h and 147?
21
Let v(h) = h**3 + 19*h**2 - 2*h - 16. Let n be v(-19). Suppose -n + 37 = 5*m. What is the highest common divisor of 33 and m?
3
Let l(o) = -o**2 - 9*o - 4. Let t be l(-3). Suppose -t*j = -5*j - 243. What is the highest common factor of 27 and j?
27
Let d(z) = 2*z + 1. Let c be d(5). Suppose -i + 3*s = -89, 2*s + 239 = 35*i - 32*i. Calculate the greatest common divisor of i and c.
11
Let y(u) = -6*u. Let s be y(-6). Let r be ((-30)/(-1))/(3/9). Calculate the greatest common factor of s and r.
18
Let s(n) = 7*n + 22. Let d be s(-6). Let a be -2*14*15/d. Let l = -163 + 268. Calculate the highest common factor of a and l.
21
Let g(x) = 9*x**2 - 4*x + 3. Let s(d) = -2*d + 2. Let b be s(-1). Suppose 0 = 2*j - 2 - b. Let z be g(j). What is the highest common divisor of 18 and z?
18
Let s = -32 + 11. Let k be 40/6*(-2 + s/(-6)). What is the greatest common divisor of 1 and k?
1
Suppose 2*j + 3*s - 46 = -2*j, 2*s - 22 = -2*j. Let b be 5*j - (3 + -1). Suppose -6*z = -3*z - b. Calculate the greatest common divisor of 7 and z.
7
Let t(m) = m**3 + 10*m**2 + 5*m + 4. Let a(y) = -8*y + 31. Let q be a(5). Let n be t(q). Calculate the highest common divisor of n and 10.
10
Suppose -17*k = -16*k - 33. Let q = 57 - k. Let p = -45 + 81. Calculate the highest common factor of p and q.
12
Suppose 0 = -b + 5*i + 24, -5*b - 4*i + 39 = 6. Suppose -b*y + 189 = -0. Suppose 69 - 13 = 4*q. What is the greatest common divisor of q and y?
7
Let a(i) = -i**3 + i**2 + 45. Let z be 11 + -10 - 1/1. Let s be a(z). Suppose 4*f - 18 = 2*f. What is the greatest common factor of f and s?
9
Let i be 3 + -1 - (0 + -10). Suppose -3*f = -3*j - 9, 2*j = -0*j - 4*f - 6. Let l be i*(-12)/(-9) + j. What is the highest common divisor of 117 and l?
13
Let j(p) = 102*p - 17. Let o be j(1). Calculate the highest common factor of 51 and o.
17
Let y(l) = 14*l - 370. Let k be y(33). Calculate the highest common factor of 322 and k.
46
Let b = -57 - -87. Suppose 3*k - 27 = b. What is the greatest common divisor of 76 and k?
19
Suppose h + 91 = -2*m, -3*m + 91 = -h - 8*m. Let q = h + 111. Suppose 4*r = -4*u + 44, -3*r + 4*u - 2*u = -18. What is the highest common factor of q and r?
4
Let l be 16/(-3)*(-135)/20. Suppose -3*j - 9 = -24. Let v be 528/30 - (-2)/j. What is the greatest common factor of l and v?
18
Suppose 3*r = j - 175, -r = 3*j + 60 - 5. Let k = r - -64. What is the greatest common divisor of 54 and k?
6
Let k(j) = -2*j**2 + 39*j - 30. Let c be k(18). What is the highest common divisor of 12 and c?
12
Let g(a) = -a**2 + 3. Let o = -7 - -28. Let v = -21 + o. Let x be g(v). What is the highest common divisor of x and 24?
3
Suppose 6*o - 12 = -498. Let k = -34 - o. Calculate the highest common factor of 188 and k.
47
Suppose 0 = -5*s + 951 + 144. Let a = s - 120. What is the highest common factor of a and 11?
11
Suppose 59*g = 49*g + 7830. Calculate the greatest common divisor of 27 and g.
27
Suppose 0 = -2*o - 2*i - i + 81, -5*o + 260 = -4*i. Suppose 5*x = 2*x + 108. What is the greatest common divisor of o and x?
12
Suppose 0*h - 4*h + 16 = 0. Suppose 1248 = h*y - 4*r, 3*y - r = -2*r + 936. Suppose -2*x - x = -y. What is the highest common factor of x and 13?
13
Let k(w) = 2*w**2 - 11*w - 100. Let r be k(-10). Suppose 4*b = 7 + 113. Calculate the highest common divisor of r and b.
30
Suppose -47*o = -37*o - 760. Let m be 318/(-18) - 2/6. Let k be 4/m + (-173)/(-9). Calculate the greatest common factor of o and k.
19
Let v be (-1079)/(-91) - (-2)/14. Suppose 150 = 5*r + b, -3*r + 63*b + 90 = 60*b. What is the highest common factor of v and r?
6
Let o be ((-308)/56)/(1/2). Let l be (16 + -1)*(o + 14). Calculate the highest common factor of 75 and l.
15
Let x be (-1)/2*6*-1. Let r = 19 - x. Suppose r + 29 = f. Calculate the highest common factor of 5 and f.
5
Let z(r) = -55*r**3 + 2*r + 1. Let m be z(-1). Suppose -m = -9*x - 0*x. Calculate the highest common divisor of x and 3.
3
Let b be 4/(-28) - (-3280)/28. Let r(m) = 30*m**3 - m**2 - m + 1. Let a be r(1). Let c = a + -16. Calculate the greatest common factor of c and b.
13
Suppose q + q - 2 = 4*c, -5 = -q - 2*c. Let f be ((-112)/(-6))/(18/81). Let y = -60 + f. Calculate the greatest common factor of y and q.
3
Let c be (-11)/((-1)/1*1). Let j be (c - -6)*3 - (0 - 1). Calculate the highest common divisor of 4 and j.
4
Let l be (-4 + (-235)/15)/(2/6). Let r = l - -103. Calculate the highest common factor of r and 4.
4
Let c = -163 - -284. Let g = 3 - -19. What is the highest common divisor of g and c?
11
Let h be (0 + 10)/(2/28). Let s = -110 - -124. What is the highest common divisor of s and h?
14
Suppose 3*o - 7*o - 3*j = -317, -3*j = -3*o + 222. Calculate the greatest common factor of 220 and o.
11
Suppose 5*b = -0*b - 2*c + 321, 3*b - 204 = -5*c. Calculate the greatest common divisor of b and 357.
21
Suppose 6*k - 25 = k, 5*k = -5*b + 70. Let u(q) = q**3 - 9*q**2 + q + 12. Let v be u(b). What is the highest common divisor of v and 3?
3
Suppose -i + 170 = -5*o, 5*i - 229*o = -224*o + 870. Let t be (5/2)/((-2)/(-56)). Calculate the greatest common divisor of t and i.
35
Let b(n) = n - 32. Let o(x) = x - 31. Let f(v) = 4*b(v) - 5*o(v). Let s be f(6). Calculate the greatest common factor of s and 147.
21
Let w(p) = -2*p**3 - 17*p**2 + 31*p + 26. Let b be w(-10). What is the greatest common divisor of b and 104?
8
Let c(a) = -a**3 + 3*a**2 - 2*a + 1. Let x be c(1). Suppose -3*j = -2*w - 4, w = -0*w + j - 1. Let l = x + w. Calculate the greatest common divisor of 16 and l.
2
Suppose 5*h - 4926 = -1166. Let f = -473 + h. Calculate the greatest common divisor of 31 and f.
31
Let z = -1374 + 3090. Suppose z = 6*x + 6*x. What is the greatest common factor of 11 and x?
11
Let m(z) be the first derivative of -3*z**2/2 + 41*z - 17. Let g be m(13). What is the highest common factor of 2 and g?
2
Suppose 3*l = -0*l + 87. Suppose 3*o + p = l, 1 + 2 = o - 3*p. Calculate the highest common divisor of o and 63.
9
Suppose 3*i - 1380 = 2*t, 3*i - 4*t = 5*i - 920. Calculate the highest common divisor of 2 and i.
2
Suppose 3*r = -2*f + 130, 68 = -r - 4*f + 118. Calculate the greatest common divisor of 182 and r.
14
Suppose -2*d = -5*q + 247, 47 = -4*q - 5*d + 238. What is the greatest common factor of q and 539?
49
Let x be (-6)/4 - (-2892)/24. Let o = x - 85. Calculate the greatest common divisor of 119 and o.
17
Suppose -3*b + 24 = 5*b. Let j(r) = 4*r - 9. Let m be j(6). Calculate the highest common factor of b and m.
3
Let p = 262 - 259. Calculate the highest common factor of 72 and p.
3
Let f = 299 - 287. What is the greatest common divisor of 87 and f?
3
Suppose 3*x - 2*x - 287 = -3*m, -1084 = -4*x + 4*m. Calculate the greatest common factor of x and 22.
11
Let y be (-9 + -5)/14*(-1 - 0). What is the greatest common divisor of y and 62?
1
Let r(p) = 13*p - 11. Let m be r(1). What is the highest common factor of m and 22?
2
Let x(p) = p**3 + 11*p**2 + 5*p + 4. Suppose 0 = -4*q - 14 - 26. Let m be x(q). Calculate the highest common factor of m and 6.
6
Let f be -3*2/(-3) + 108. Suppose -20 = 5*i - f. Calculate the greatest common factor of 6 and i.
6
Let j(v) = 14*v - 5. Let o be j(4). Let n = o + -35. Calculate the highest common divisor of 112 and n.
16
Let w be 172 - 0/9 - 2. Calculate the highest common divisor of w and 4.
2
Let j(n) = -n**3 - 5*n**2 - 4*n + 2. Let d be j(-4). Suppose 2*h + 6 + d = 0. Let x = h + 14. What is the highest common factor of x and 4?
2
Suppose -2*x = 22*x - 4104. Calculate the greatest common divisor of x and 285.
57
Let m(v) = -1 - 16*v - 1 - 2*v. Suppose -7 = 5*u - 27, -